{"id":738,"date":"2020-11-20T03:24:07","date_gmt":"2020-11-20T03:24:07","guid":{"rendered":"https:\/\/trustedu.com.vn\/?page_id=738"},"modified":"2024-03-03T10:11:07","modified_gmt":"2024-03-03T10:11:07","slug":"gioi-thieu","status":"publish","type":"page","link":"https:\/\/trustedu.com.vn\/?page_id=738","title":{"rendered":"Gi\u1edbi Thi\u1ec7u"},"content":{"rendered":"\n\n\t<h1>\n\t\t\t\t\tGi\u1edbi thi\u1ec7u\n\t\t\t\t<\/h1>\n\t\t\t<p>\u00a0Ni\u1ec1m tin gi\u00e1o d\u1ee5c, \u0111\u1ecbnh h\u01b0\u1edbng t\u01b0\u01a1ng lai<\/p>\n\t<h2>\n\t\t\t\t\tKH\u1edeI NGU\u1ed2N\n\t\t\t\t<\/h2>\n\t<p>TRUST EDUCATION l\u00e0 m\u1ed9t c\u00f4ng ty t\u01b0 v\u1ea5n du h\u1ecdc h\u00e0ng \u0111\u1ea7u chuy\u00ean v\u1ec1 du l\u1ecbch, du h\u1ecdc v\u00e0 \u0111\u1ecbnh c\u01b0 t\u1ea1i Australia. Ch\u00fang t\u00f4i cam k\u1ebft \u0111\u1ed3ng h\u00e0nh c\u00f9ng b\u1ea1n t\u1eeb nh\u1eefng b\u01b0\u1edbc \u0111\u1ea7u ti\u00ean trong vi\u1ec7c l\u1ef1a ch\u1ecdn kh\u00f3a h\u1ecdc, xin visa, cho \u0111\u1ebfn khi b\u1ea1n b\u01b0\u1edbc ch\u00e2n \u0111\u1ebfn Australia v\u00e0 b\u1eaft \u0111\u1ea7u cu\u1ed9c h\u00e0nh tr\u00ecnh m\u1edbi \u0111\u1ea7y th\u00fa v\u1ecb.<\/p>\n\t\t\t\t<img decoding=\"async\" src=\"https:\/\/trustedu.com.vn\/wp-content\/uploads\/2023\/11\/AAA.jpg\" alt=\"The maximum file size will output to A3 &lt;br \/&gt;42 x 29 cm @ 300dpi\" itemprop=\"image\"\/>\n\t<h2>\n\t\t\t\t\tNHI\u1ec6M V\u1ee4\n\t\t\t\t<\/h2>\n\t\t\t<p>Ch\u00fang t\u00f4i c\u00f3 \u0111\u1ed9i ng\u0169 chuy\u00ean gia gi\u00e0u kinh nghi\u1ec7m t\u1eeb Vi\u1ec7t Nam \u0111\u1ebfn Australia, lu\u00f4n s\u1eb5n s\u00e0ng t\u01b0 v\u1ea5n v\u00e0 h\u1ed7 tr\u1ee3 b\u1ea1n trong m\u1ecdi kh\u00eda c\u1ea1nh c\u1ee7a du h\u1ecdc v\u00e0 \u0111\u1ecbnh c\u01b0 t\u1ea1i c\u00e1c ti\u1ec3u bang c\u1ee7a ch\u00e2u l\u1ee5c n\u00e0y. V\u1edbi s\u1ef1 hi\u1ec3u bi\u1ebft s\u00e2u r\u1ed9ng v\u1ec1 h\u1ec7 th\u1ed1ng gi\u00e1o d\u1ee5c v\u00e0 cu\u1ed9c s\u1ed1ng t\u1ea1i x\u1ee9 s\u1edf chu\u1ed9t t\u00fai, ch\u00fang t\u00f4i s\u1ebd gi\u00fap b\u1ea1n ch\u1ecdn l\u1ef1a ch\u01b0\u01a1ng tr\u00ecnh h\u1ecdc ph\u00f9 h\u1ee3p, h\u01b0\u1edbng d\u1eabn chu\u1ea9n b\u1ecb h\u1ed3 s\u01a1 xin visa, v\u00e0 \u0111\u1ea3m b\u1ea3o b\u1ea1n c\u00f3 m\u1ed9t tr\u1ea3i nghi\u1ec7m h\u1ecdc t\u1eadp v\u00e0 s\u1ed1ng c\u1ef1c k\u1ef3 th\u00fa v\u1ecb v\u00e0 an to\u00e0n t\u1ea1i \u00dac.<\/p>\n\t<h2>\n\t\t\t\t\tT\u1ea6M NH\u00ccN\n\t\t\t\t<\/h2>\n\t<p>D\u1ecbch v\u1ee5 c\u1ee7a ch\u00fang t\u00f4i kh\u00f4ng ch\u1ec9 d\u1eebng l\u1ea1i \u1edf vi\u1ec7c h\u1ed7 tr\u1ee3 du h\u1ecdc, m\u00e0 c\u00f2n m\u1edf ra c\u01a1 h\u1ed9i cho b\u1ea1n kh\u00e1m ph\u00e1 v\u1ebb \u0111\u1eb9p t\u1ef1 nhi\u00ean v\u00e0 v\u0103n h\u00f3a \u0111a d\u1ea1ng c\u1ee7a h\u00f2n \u0111\u1ea3o l\u1edbn nh\u1ea5t th\u1ebf gi\u1edbi th\u00f4ng qua c\u00e1c ch\u01b0\u01a1ng tr\u00ecnh du l\u1ecbch h\u1ea5p d\u1eabn. Ch\u00fang t\u00f4i t\u1ef1 h\u00e0o v\u1ec1 vi\u1ec7c t\u1ea1o n\u00ean nh\u1eefng tr\u1ea3i nghi\u1ec7m \u0111\u00e1ng nh\u1edb cho h\u1ecdc sinh v\u00e0 du kh\u00e1ch \u0111\u1ebfn v\u1edbi Australia.<\/p>\n<p>&nbsp;<\/p>\n<p>H\u00e3y \u0111\u1ec3 TRUST EDUCATION tr\u1edf th\u00e0nh ng\u01b0\u1eddi b\u1ea1n \u0111\u1ed3ng h\u00e0nh \u0111\u00e1ng tin c\u1eady c\u1ee7a b\u1ea1n tr\u00ean con \u0111\u01b0\u1eddng du l\u1ecbch, du h\u1ecdc v\u00e0 \u0111\u1ecbnh c\u01b0. Ch\u00fang t\u00f4i r\u1ea5t mong \u0111\u01b0\u1ee3c \u0111\u1ed3ng h\u00e0nh v\u00e0 ch\u1eafp c\u00e1nh cho \u01b0\u1edbc m\u01a1 c\u1ee7a b\u1ea1n v\u00e0 gia \u0111\u00ecnh.<\/p>\n<p>H\u00e3y li\u00ean h\u1ec7 v\u1edbi ch\u00fang t\u00f4i ngay h\u00f4m nay \u0111\u1ec3 kh\u00e1m ph\u00e1 cu\u1ed9c h\u00e0nh tr\u00ecnh tuy\u1ec7t v\u1eddi c\u1ee7a b\u1ea1n t\u1ea1i m\u1ed9t trong nh\u1eefng qu\u1ed1c gia \u0111\u00e1ng s\u1ed1ng nh\u1ea5t h\u00e0nh tinh!<\/p>\n<p>&nbsp;<\/p>\n\t<h5>\n\t\t\t\t\t100+ Kh\u00e1ch h\u00e0ng\n\t\t\t\t<\/h5>\n\t\t\t<p>Th\u00e0nh c\u00f4ng<\/p>\n<p>H\u00e0i l\u00f2ng<\/p>\n<p>Tin t\u01b0\u1edfng<\/p>\n\t<h5>\n\t\t\t\t\t\u0110\u1ea1i di\u1ec7n \n\t\t\t\t<\/h5>\n\t\t\t<p>30+ \u0110\u1ea1i h\u1ecdc h\u00e0ng \u0111\u1ea7u<\/p>\n<p>50+ Cao \u0111\u1eb3ng v\u00e0 h\u1ecdc vi\u1ec7n<\/p>\n<p>Ph\u1ed5 th\u00f4ng c\u00f4ng l\u1eadp &#8211; t\u01b0 th\u1ee5c<\/p>\n\t<h5>\n\t\t\t\t\tProfessional Certification\n\t\t\t\t<\/h5>\n\t\t\t<p>MARA<\/p>\n<p>QEAC<\/p>\n\n","protected":false},"excerpt":{"rendered":"<p>Gi\u1edbi thi\u1ec7u \u00a0Ni\u1ec1m tin gi\u00e1o d\u1ee5c, \u0111\u1ecbnh h\u01b0\u1edbng t\u01b0\u01a1ng lai KH\u1edeI NGU\u1ed2N TRUST EDUCATION l\u00e0 m\u1ed9t c\u00f4ng ty t\u01b0 v\u1ea5n du h\u1ecdc h\u00e0ng \u0111\u1ea7u chuy\u00ean v\u1ec1 du l\u1ecbch, du h\u1ecdc v\u00e0 \u0111\u1ecbnh c\u01b0 t\u1ea1i Australia. Ch\u00fang t\u00f4i cam k\u1ebft \u0111\u1ed3ng h\u00e0nh c\u00f9ng b\u1ea1n t\u1eeb nh\u1eefng b\u01b0\u1edbc \u0111\u1ea7u ti\u00ean trong vi\u1ec7c l\u1ef1a ch\u1ecdn kh\u00f3a h\u1ecdc, xin &hellip;<\/p>\n<p class=\"read-more\"> <a class=\"\" href=\"https:\/\/trustedu.com.vn\/?page_id=738\"> <span class=\"screen-reader-text\">Gi\u1edbi Thi\u1ec7u<\/span> Read More &raquo;<\/a><\/p>\n","protected":false},"author":1,"featured_media":0,"parent":0,"menu_order":0,"comment_status":"closed","ping_status":"closed","template":"","meta":{"site-sidebar-layout":"no-sidebar","site-content-layout":"page-builder","ast-site-content-layout":"full-width-container","site-content-style":"unboxed","site-sidebar-style":"unboxed","ast-global-header-display":"","ast-banner-title-visibility":"","ast-main-header-display":"","ast-hfb-above-header-display":"","ast-hfb-below-header-display":"","ast-hfb-mobile-header-display":"","site-post-title":"disabled","ast-breadcrumbs-content":"disabled","ast-featured-img":"disabled","footer-sml-layout":"","theme-transparent-header-meta":"enabled","adv-header-id-meta":"","stick-header-meta":"","header-above-stick-meta":"","header-main-stick-meta":"","header-below-stick-meta":"","astra-migrate-meta-layouts":"set","footnotes":""},"class_list":["post-738","page","type-page","status-publish","hentry"],"yoast_head":"<!-- This site is optimized with the Yoast SEO plugin v21.2 - https:\/\/yoast.com\/wordpress\/plugins\/seo\/ -->\n<title>Gi\u1edbi Thi\u1ec7u - Trust Education<\/title>\n<meta name=\"robots\" content=\"index, follow, max-snippet:-1, max-image-preview:large, max-video-preview:-1\" \/>\n<link rel=\"canonical\" href=\"https:\/\/trustedu.com.vn\/?page_id=738\" \/>\n<meta property=\"og:locale\" content=\"en_US\" \/>\n<meta property=\"og:type\" content=\"article\" \/>\n<meta property=\"og:title\" content=\"Gi\u1edbi Thi\u1ec7u - Trust Education\" \/>\n<meta property=\"og:description\" content=\"Gi\u1edbi thi\u1ec7u \u00a0Ni\u1ec1m tin gi\u00e1o d\u1ee5c, \u0111\u1ecbnh h\u01b0\u1edbng t\u01b0\u01a1ng lai KH\u1edeI NGU\u1ed2N TRUST EDUCATION l\u00e0 m\u1ed9t c\u00f4ng ty t\u01b0 v\u1ea5n du h\u1ecdc h\u00e0ng \u0111\u1ea7u chuy\u00ean v\u1ec1 du l\u1ecbch, du h\u1ecdc v\u00e0 \u0111\u1ecbnh c\u01b0 t\u1ea1i Australia. Ch\u00fang t\u00f4i cam k\u1ebft \u0111\u1ed3ng h\u00e0nh c\u00f9ng b\u1ea1n t\u1eeb nh\u1eefng b\u01b0\u1edbc \u0111\u1ea7u ti\u00ean trong vi\u1ec7c l\u1ef1a ch\u1ecdn kh\u00f3a h\u1ecdc, xin &hellip; Gi\u1edbi Thi\u1ec7u Read More &raquo;\" \/>\n<meta property=\"og:url\" content=\"https:\/\/trustedu.com.vn\/?page_id=738\" \/>\n<meta property=\"og:site_name\" content=\"Trust Education\" \/>\n<meta property=\"article:modified_time\" content=\"2024-03-03T10:11:07+00:00\" \/>\n<meta property=\"og:image\" content=\"https:\/\/trustedu.com.vn\/wp-content\/uploads\/2023\/11\/AAA.jpg\" \/>\n<meta name=\"twitter:card\" content=\"summary_large_image\" \/>\n<meta name=\"twitter:label1\" content=\"Est. reading time\" \/>\n\t<meta name=\"twitter:data1\" content=\"2 minutes\" \/>\n<script type=\"application\/ld+json\" class=\"yoast-schema-graph\">{\"@context\":\"https:\/\/schema.org\",\"@graph\":[{\"@type\":\"WebPage\",\"@id\":\"https:\/\/trustedu.com.vn\/?page_id=738\",\"url\":\"https:\/\/trustedu.com.vn\/?page_id=738\",\"name\":\"Gi\u1edbi Thi\u1ec7u - Trust Education\",\"isPartOf\":{\"@id\":\"https:\/\/trustedu.com.vn\/#website\"},\"datePublished\":\"2020-11-20T03:24:07+00:00\",\"dateModified\":\"2024-03-03T10:11:07+00:00\",\"breadcrumb\":{\"@id\":\"https:\/\/trustedu.com.vn\/?page_id=738#breadcrumb\"},\"inLanguage\":\"en-US\",\"potentialAction\":[{\"@type\":\"ReadAction\",\"target\":[\"https:\/\/trustedu.com.vn\/?page_id=738\"]}]},{\"@type\":\"BreadcrumbList\",\"@id\":\"https:\/\/trustedu.com.vn\/?page_id=738#breadcrumb\",\"itemListElement\":[{\"@type\":\"ListItem\",\"position\":1,\"name\":\"Home\",\"item\":\"https:\/\/trustedu.com.vn\/\"},{\"@type\":\"ListItem\",\"position\":2,\"name\":\"Gi\u1edbi Thi\u1ec7u\"}]},{\"@type\":\"WebSite\",\"@id\":\"https:\/\/trustedu.com.vn\/#website\",\"url\":\"https:\/\/trustedu.com.vn\/\",\"name\":\"Trust Education\",\"description\":\"\",\"publisher\":{\"@id\":\"https:\/\/trustedu.com.vn\/#organization\"},\"potentialAction\":[{\"@type\":\"SearchAction\",\"target\":{\"@type\":\"EntryPoint\",\"urlTemplate\":\"https:\/\/trustedu.com.vn\/?s={search_term_string}\"},\"query-input\":\"required name=search_term_string\"}],\"inLanguage\":\"en-US\"},{\"@type\":\"Organization\",\"@id\":\"https:\/\/trustedu.com.vn\/#organization\",\"name\":\"Trust Education\",\"url\":\"https:\/\/trustedu.com.vn\/\",\"logo\":{\"@type\":\"ImageObject\",\"inLanguage\":\"en-US\",\"@id\":\"https:\/\/trustedu.com.vn\/#\/schema\/logo\/image\/\",\"url\":\"https:\/\/trustedu.com.vn\/wp-content\/uploads\/2020\/04\/logo-regular.png\",\"contentUrl\":\"https:\/\/trustedu.com.vn\/wp-content\/uploads\/2020\/04\/logo-regular.png\",\"width\":224,\"height\":60,\"caption\":\"Trust Education\"},\"image\":{\"@id\":\"https:\/\/trustedu.com.vn\/#\/schema\/logo\/image\/\"}}]}<\/script>\n<!-- \/ Yoast SEO plugin. -->","yoast_head_json":{"title":"Gi\u1edbi Thi\u1ec7u - Trust Education","robots":{"index":"index","follow":"follow","max-snippet":"max-snippet:-1","max-image-preview":"max-image-preview:large","max-video-preview":"max-video-preview:-1"},"canonical":"https:\/\/trustedu.com.vn\/?page_id=738","og_locale":"en_US","og_type":"article","og_title":"Gi\u1edbi Thi\u1ec7u - Trust Education","og_description":"Gi\u1edbi thi\u1ec7u \u00a0Ni\u1ec1m tin gi\u00e1o d\u1ee5c, \u0111\u1ecbnh h\u01b0\u1edbng t\u01b0\u01a1ng lai KH\u1edeI NGU\u1ed2N TRUST EDUCATION l\u00e0 m\u1ed9t c\u00f4ng ty t\u01b0 v\u1ea5n du h\u1ecdc h\u00e0ng \u0111\u1ea7u chuy\u00ean v\u1ec1 du l\u1ecbch, du h\u1ecdc v\u00e0 \u0111\u1ecbnh c\u01b0 t\u1ea1i Australia. Ch\u00fang t\u00f4i cam k\u1ebft \u0111\u1ed3ng h\u00e0nh c\u00f9ng b\u1ea1n t\u1eeb nh\u1eefng b\u01b0\u1edbc \u0111\u1ea7u ti\u00ean trong vi\u1ec7c l\u1ef1a ch\u1ecdn kh\u00f3a h\u1ecdc, xin &hellip; Gi\u1edbi Thi\u1ec7u Read More &raquo;","og_url":"https:\/\/trustedu.com.vn\/?page_id=738","og_site_name":"Trust Education","article_modified_time":"2024-03-03T10:11:07+00:00","og_image":[{"url":"https:\/\/trustedu.com.vn\/wp-content\/uploads\/2023\/11\/AAA.jpg"}],"twitter_card":"summary_large_image","twitter_misc":{"Est. reading time":"2 minutes"},"schema":{"@context":"https:\/\/schema.org","@graph":[{"@type":"WebPage","@id":"https:\/\/trustedu.com.vn\/?page_id=738","url":"https:\/\/trustedu.com.vn\/?page_id=738","name":"Gi\u1edbi Thi\u1ec7u - Trust Education","isPartOf":{"@id":"https:\/\/trustedu.com.vn\/#website"},"datePublished":"2020-11-20T03:24:07+00:00","dateModified":"2024-03-03T10:11:07+00:00","breadcrumb":{"@id":"https:\/\/trustedu.com.vn\/?page_id=738#breadcrumb"},"inLanguage":"en-US","potentialAction":[{"@type":"ReadAction","target":["https:\/\/trustedu.com.vn\/?page_id=738"]}]},{"@type":"BreadcrumbList","@id":"https:\/\/trustedu.com.vn\/?page_id=738#breadcrumb","itemListElement":[{"@type":"ListItem","position":1,"name":"Home","item":"https:\/\/trustedu.com.vn\/"},{"@type":"ListItem","position":2,"name":"Gi\u1edbi Thi\u1ec7u"}]},{"@type":"WebSite","@id":"https:\/\/trustedu.com.vn\/#website","url":"https:\/\/trustedu.com.vn\/","name":"Trust Education","description":"","publisher":{"@id":"https:\/\/trustedu.com.vn\/#organization"},"potentialAction":[{"@type":"SearchAction","target":{"@type":"EntryPoint","urlTemplate":"https:\/\/trustedu.com.vn\/?s={search_term_string}"},"query-input":"required name=search_term_string"}],"inLanguage":"en-US"},{"@type":"Organization","@id":"https:\/\/trustedu.com.vn\/#organization","name":"Trust Education","url":"https:\/\/trustedu.com.vn\/","logo":{"@type":"ImageObject","inLanguage":"en-US","@id":"https:\/\/trustedu.com.vn\/#\/schema\/logo\/image\/","url":"https:\/\/trustedu.com.vn\/wp-content\/uploads\/2020\/04\/logo-regular.png","contentUrl":"https:\/\/trustedu.com.vn\/wp-content\/uploads\/2020\/04\/logo-regular.png","width":224,"height":60,"caption":"Trust Education"},"image":{"@id":"https:\/\/trustedu.com.vn\/#\/schema\/logo\/image\/"}}]}},"_links":{"self":[{"href":"https:\/\/trustedu.com.vn\/index.php?rest_route=\/wp\/v2\/pages\/738","targetHints":{"allow":["GET"]}}],"collection":[{"href":"https:\/\/trustedu.com.vn\/index.php?rest_route=\/wp\/v2\/pages"}],"about":[{"href":"https:\/\/trustedu.com.vn\/index.php?rest_route=\/wp\/v2\/types\/page"}],"author":[{"embeddable":true,"href":"https:\/\/trustedu.com.vn\/index.php?rest_route=\/wp\/v2\/users\/1"}],"replies":[{"embeddable":true,"href":"https:\/\/trustedu.com.vn\/index.php?rest_route=%2Fwp%2Fv2%2Fcomments&post=738"}],"version-history":[{"count":17,"href":"https:\/\/trustedu.com.vn\/index.php?rest_route=\/wp\/v2\/pages\/738\/revisions"}],"predecessor-version":[{"id":1150,"href":"https:\/\/trustedu.com.vn\/index.php?rest_route=\/wp\/v2\/pages\/738\/revisions\/1150"}],"wp:attachment":[{"href":"https:\/\/trustedu.com.vn\/index.php?rest_route=%2Fwp%2Fv2%2Fmedia&parent=738"}],"curies":[{"name":"wp","href":"https:\/\/api.w.org\/{rel}","templated":true}]}}